{"id":4410,"date":"2018-01-07T23:50:05","date_gmt":"2018-01-07T23:50:05","guid":{"rendered":"http:\/\/www.ossandon.cl\/esp\/?page_id=4410"},"modified":"2024-05-13T19:47:10","modified_gmt":"2024-05-13T19:47:10","slug":"pro-bono","status":"publish","type":"page","link":"https:\/\/www.ossandon.cl\/esp\/pro-bono\/","title":{"rendered":"Pro Bono"},"content":{"rendered":"<section class=\"l-section wpb_row height_small with_img\"><div class=\"l-section-img\" role=\"img\" data-img-width=\"4643\" data-img-height=\"3761\" style=\"background-image: url(https:\/\/www.ossandon.cl\/esp\/wp-content\/uploads\/2018\/01\/pexels-photo-461049.jpg);\"><\/div><div class=\"l-section-h i-cf\"><div class=\"g-cols vc_row via_grid cols_1 laptops-cols_inherit tablets-cols_inherit mobiles-cols_1 valign_top type_default stacking_default\"><div class=\"wpb_column vc_column_container\"><div class=\"vc_column-inner\"><div class=\"w-separator size_custom\" style=\"height:320px\"><\/div><\/div><\/div><\/div><\/div><\/section><section class=\"l-section wpb_row height_small\"><div class=\"l-section-h i-cf\"><div class=\"g-cols vc_row via_grid cols_1 laptops-cols_inherit tablets-cols_inherit mobiles-cols_1 valign_top type_default stacking_default\"><div class=\"wpb_column vc_column_container\"><div class=\"vc_column-inner\"><div id=\"ultimate-heading-4269ef8af72f8b9\" class=\"uvc-heading ult-adjust-bottom-margin ultimate-heading-4269ef8af72f8b9 uvc-511 \" data-hspacer=\"line_only\"  data-halign=\"left\" style=\"text-align:left\"><div class=\"uvc-main-heading ult-responsive\"  data-ultimate-target='.uvc-heading.ultimate-heading-4269ef8af72f8b9 h2'  data-responsive-json-new='{\"font-size\":\"desktop:18px;\",\"line-height\":\"\"}' ><h2 style=\"font-family:&#039;Lora&#039;;font-style:italic;font-weight:normal;color:#d76900;\">PRO BONO<\/h2><\/div><div class=\"uvc-heading-spacer line_only\" style=\"topheight:3px;\"><span class=\"uvc-headings-line\" style=\"border-style:solid;border-bottom-width:3px;border-color:#d76900;width:autopx;\"><\/span><\/div><\/div><\/div><\/div><\/div><\/div><\/section><section class=\"l-section wpb_row height_small\"><div class=\"l-section-h i-cf\"><div class=\"g-cols vc_row via_grid cols_1 laptops-cols_inherit tablets-cols_inherit mobiles-cols_1 valign_top type_default stacking_default\"><div class=\"wpb_column vc_column_container\"><div class=\"vc_column-inner\"><div class=\"wpb_text_column\"><div class=\"wpb_wrapper\"><p class=\"p1\" style=\"text-align: justify;\"><span class=\"s1\">Ossand\u00f3n Abogados desde sus inicios ha fomentando e impulsado a sus abogados para que aporten a la comunidad a trav\u00e9s del ejercicio de la profesi\u00f3n de manera gratuita. De esta manera, nuestro estudio apoya a diversas fundaciones y corporaciones, fundamentalmente en el \u00e1rea educacional, prest\u00e1ndoles asesor\u00edas jur\u00eddicas en las m\u00e1s variadas \u00e1reas del derecho.<\/span><\/p>\n<\/div><\/div><\/div><\/div><\/div><\/div><\/section>\n","protected":false},"excerpt":{"rendered":"PRO BONOOssand\u00f3n Abogados desde sus inicios ha fomentando e impulsado a sus abogados para que aporten a la comunidad a trav\u00e9s del ejercicio de la profesi\u00f3n de manera gratuita. De esta manera, nuestro estudio apoya a diversas fundaciones y corporaciones, fundamentalmente en el \u00e1rea educacional, prest\u00e1ndoles asesor\u00edas jur\u00eddicas en las m\u00e1s variadas \u00e1reas del derecho.","protected":false},"author":1,"featured_media":0,"parent":0,"menu_order":0,"comment_status":"closed","ping_status":"closed","template":"","meta":{"footnotes":""},"_links":{"self":[{"href":"https:\/\/www.ossandon.cl\/esp\/wp-json\/wp\/v2\/pages\/4410"}],"collection":[{"href":"https:\/\/www.ossandon.cl\/esp\/wp-json\/wp\/v2\/pages"}],"about":[{"href":"https:\/\/www.ossandon.cl\/esp\/wp-json\/wp\/v2\/types\/page"}],"author":[{"embeddable":true,"href":"https:\/\/www.ossandon.cl\/esp\/wp-json\/wp\/v2\/users\/1"}],"replies":[{"embeddable":true,"href":"https:\/\/www.ossandon.cl\/esp\/wp-json\/wp\/v2\/comments?post=4410"}],"version-history":[{"count":11,"href":"https:\/\/www.ossandon.cl\/esp\/wp-json\/wp\/v2\/pages\/4410\/revisions"}],"predecessor-version":[{"id":5202,"href":"https:\/\/www.ossandon.cl\/esp\/wp-json\/wp\/v2\/pages\/4410\/revisions\/5202"}],"wp:attachment":[{"href":"https:\/\/www.ossandon.cl\/esp\/wp-json\/wp\/v2\/media?parent=4410"}],"curies":[{"name":"wp","href":"https:\/\/api.w.org\/{rel}","templated":true}]}}