{"id":4341,"date":"2018-01-07T21:54:28","date_gmt":"2018-01-07T21:54:28","guid":{"rendered":"http:\/\/www.ossandon.cl\/esp\/?page_id=4341"},"modified":"2024-05-13T19:47:33","modified_gmt":"2024-05-13T19:47:33","slug":"medioambiental","status":"publish","type":"page","link":"https:\/\/www.ossandon.cl\/esp\/medioambiental\/","title":{"rendered":"Medioambiental"},"content":{"rendered":"<section class=\"l-section wpb_row height_huge with_img parallax_ver parallaxdir_reversed\"><div class=\"l-section-img\" role=\"img\" data-img-width=\"1536\" data-img-height=\"1024\" style=\"background-image: url(https:\/\/www.ossandon.cl\/esp\/wp-content\/uploads\/2018\/01\/medio.jpg);background-repeat: no-repeat;\"><\/div><div class=\"l-section-h i-cf\"><div class=\"g-cols vc_row via_grid cols_1 laptops-cols_inherit tablets-cols_inherit mobiles-cols_1 valign_top type_default stacking_default\"><div class=\"wpb_column vc_column_container\"><div class=\"vc_column-inner\"><div class=\"w-separator size_custom\" style=\"height:150px\"><\/div><\/div><\/div><\/div><\/div><\/section><section class=\"l-section wpb_row us_custom_e11ab399 height_small\"><div class=\"l-section-h i-cf\"><div class=\"g-cols vc_row via_grid cols_1 laptops-cols_inherit tablets-cols_inherit mobiles-cols_1 valign_top type_default stacking_default\"><div class=\"wpb_column vc_column_container us_custom_e11ab399\"><div class=\"vc_column-inner\"><div id=\"ultimate-heading-361469ef78732bcd4\" class=\"uvc-heading ult-adjust-bottom-margin ultimate-heading-361469ef78732bcd4 uvc-5468 \" data-hspacer=\"line_only\"  data-halign=\"left\" style=\"text-align:left\"><div class=\"uvc-main-heading ult-responsive\"  data-ultimate-target='.uvc-heading.ultimate-heading-361469ef78732bcd4 h2'  data-responsive-json-new='{\"font-size\":\"desktop:18px;\",\"line-height\":\"\"}' ><h2 style=\"font-family:&#039;Lora&#039;;font-style:italic;font-weight:normal;color:#e66900;\">MEDIOAMBIENTAL<\/h2><\/div><div class=\"uvc-heading-spacer line_only\" style=\"margin-bottom:0px;height:2px;\"><span class=\"uvc-headings-line\" style=\"border-style:solid;border-bottom-width:2px;border-color:#e66900;width:autopx;\"><\/span><\/div><\/div><\/div><\/div><\/div><\/div><\/section><section class=\"l-section wpb_row us_custom_8d45c27c height_small\"><div class=\"l-section-h i-cf\"><div class=\"g-cols vc_row via_grid cols_custom laptops-cols_inherit tablets-cols_inherit mobiles-cols_1 valign_top type_default stacking_default\" style=\"--custom-columns:3fr 1.5fr 1.5fr \"><div class=\"wpb_column vc_column_container us_custom_8d45c27c\"><div class=\"vc_column-inner\"><div class=\"wpb_text_column\"><div class=\"wpb_wrapper\"><p class=\"p1\" style=\"text-align: justify;\"><span class=\"s1\">Ossand\u00f3n Abogados<span class=\"Apple-converted-space\">\u00a0 <\/span>presta diversas asesor\u00edas en Derecho Ambiental, tales como la elaboraci\u00f3n y tramitaci\u00f3n de Estudios y Declaraciones de Impacto Ambiental, Cartas de Pertinencia, tramitaci\u00f3n de permisos y concesiones ante autoridades administrativas ambientales y sanitarias,<span class=\"Apple-converted-space\">\u00a0 <\/span>litigaci\u00f3n en procesos ambientales infraccionales, elaboraci\u00f3n de auditor\u00edas legales ambientales, manejo de residuos y asuntos relacionados a la Ley 20.920 que establece el Marco para la Gesti\u00f3n de Residuos, la Responsabilidad Extendida del Productor y Fomento al Reciclaje<b>.<\/b><\/span><\/p>\n<\/div><\/div><\/div><\/div><div class=\"wpb_column vc_column_container us_custom_8d45c27c\"><div class=\"vc_column-inner\"><\/div><\/div><div class=\"wpb_column vc_column_container\"><div class=\"vc_column-inner\"><div class=\"wpb_text_column\"><div class=\"wpb_wrapper\"><p><span style=\"color: #e66900; font-family: Lora;\">Abogados a cargo:<\/span><\/p>\n<div class=\"cuadro-abogado\">Marko J\u00fcrgensen K.<\/div>\n<div class=\"cuadro-abogado\">Paola Fritz T.<\/div>\n<div class=\"cuadro-abogado\">Alvaro Bulnes L.<\/div>\n<\/div><\/div><\/div><\/div><\/div><\/div><\/section>\n","protected":false},"excerpt":{"rendered":"MEDIOAMBIENTALOssand\u00f3n Abogados\u00a0 presta diversas asesor\u00edas en Derecho Ambiental, tales como la elaboraci\u00f3n y tramitaci\u00f3n de Estudios y Declaraciones de Impacto Ambiental, Cartas de Pertinencia, tramitaci\u00f3n de permisos y concesiones ante autoridades administrativas ambientales y sanitarias,\u00a0 litigaci\u00f3n en procesos ambientales infraccionales, elaboraci\u00f3n de auditor\u00edas legales ambientales, manejo de residuos y asuntos relacionados a la Ley 20.920...","protected":false},"author":1,"featured_media":0,"parent":0,"menu_order":0,"comment_status":"closed","ping_status":"closed","template":"","meta":{"footnotes":""},"_links":{"self":[{"href":"https:\/\/www.ossandon.cl\/esp\/wp-json\/wp\/v2\/pages\/4341"}],"collection":[{"href":"https:\/\/www.ossandon.cl\/esp\/wp-json\/wp\/v2\/pages"}],"about":[{"href":"https:\/\/www.ossandon.cl\/esp\/wp-json\/wp\/v2\/types\/page"}],"author":[{"embeddable":true,"href":"https:\/\/www.ossandon.cl\/esp\/wp-json\/wp\/v2\/users\/1"}],"replies":[{"embeddable":true,"href":"https:\/\/www.ossandon.cl\/esp\/wp-json\/wp\/v2\/comments?post=4341"}],"version-history":[{"count":14,"href":"https:\/\/www.ossandon.cl\/esp\/wp-json\/wp\/v2\/pages\/4341\/revisions"}],"predecessor-version":[{"id":5239,"href":"https:\/\/www.ossandon.cl\/esp\/wp-json\/wp\/v2\/pages\/4341\/revisions\/5239"}],"wp:attachment":[{"href":"https:\/\/www.ossandon.cl\/esp\/wp-json\/wp\/v2\/media?parent=4341"}],"curies":[{"name":"wp","href":"https:\/\/api.w.org\/{rel}","templated":true}]}}

<section class="l-section wpb_row height_huge with_img parallax_ver parallaxdir_reversed"><div class="l-section-img" role="img" data-img-width="1536" data-img-height="1024" style="background-image: url(https://www.ossandon.cl/esp/wp-content/uploads/2018/01/medio.jpg);background-repeat: no-repeat;"></div><div class="l-section-h i-cf"><div class="g-cols vc_row via_grid cols_1 laptops-cols_inherit tablets-cols_inherit mobiles-cols_1 valign_top type_default stacking_default"><div class="wpb_column vc_column_container"><div class="vc_column-inner"><div class="w-separator size_custom" style="height:150px"></div></div></div></div></div></section><section class="l-section wpb_row us_custom_e11ab399 height_small"><div class="l-section-h i-cf"><div class="g-cols vc_row via_grid cols_1 laptops-cols_inherit tablets-cols_inherit mobiles-cols_1 valign_top type_default stacking_default"><div class="wpb_column vc_column_container us_custom_e11ab399"><div class="vc_column-inner"><div id="ultimate-heading-361469ef78732bcd4" class="uvc-heading ult-adjust-bottom-margin ultimate-heading-361469ef78732bcd4 uvc-5468 " data-hspacer="line_only"  data-halign="left" style="text-align:left"><div class="uvc-main-heading ult-responsive"  data-ultimate-target='.uvc-heading.ultimate-heading-361469ef78732bcd4 h2'  data-responsive-json-new='{"font-size":"desktop:18px;","line-height":""}' ><h2 style="font-family:&#039;Lora&#039;;font-style:italic;font-weight:normal;color:#e66900;">MEDIOAMBIENTAL</h2></div><div class="uvc-heading-spacer line_only" style="margin-bottom:0px;height:2px;"><span class="uvc-headings-line" style="border-style:solid;border-bottom-width:2px;border-color:#e66900;width:autopx;"></span></div></div></div></div></div></div></section><section class="l-section wpb_row us_custom_8d45c27c height_small"><div class="l-section-h i-cf"><div class="g-cols vc_row via_grid cols_custom laptops-cols_inherit tablets-cols_inherit mobiles-cols_1 valign_top type_default stacking_default" style="--custom-columns:3fr 1.5fr 1.5fr "><div class="wpb_column vc_column_container us_custom_8d45c27c"><div class="vc_column-inner"><div class="wpb_text_column"><div class="wpb_wrapper"><p class="p1" style="text-align: justify;"><span class="s1">Ossandón Abogados<span class="Apple-converted-space">  </span>presta diversas asesorías en Derecho Ambiental, tales como la elaboración y tramitación de Estudios y Declaraciones de Impacto Ambiental, Cartas de Pertinencia, tramitación de permisos y concesiones ante autoridades administrativas ambientales y sanitarias,<span class="Apple-converted-space">  </span>litigación en procesos ambientales infraccionales, elaboración de auditorías legales ambientales, manejo de residuos y asuntos relacionados a la Ley 20.920 que establece el Marco para la Gestión de Residuos, la Responsabilidad Extendida del Productor y Fomento al Reciclaje<b>.</b></span></p>
</div></div></div></div><div class="wpb_column vc_column_container us_custom_8d45c27c"><div class="vc_column-inner"></div></div><div class="wpb_column vc_column_container"><div class="vc_column-inner"><div class="wpb_text_column"><div class="wpb_wrapper"><p><span style="color: #e66900; font-family: Lora;">Abogados a cargo:</span></p>
<div class="cuadro-abogado">Marko Jürgensen K.</div>
<div class="cuadro-abogado">Paola Fritz T.</div>
<div class="cuadro-abogado">Alvaro Bulnes L.</div>
</div></div></div></div></div></div></section>

MEDIOAMBIENTALOssandón Abogados  presta diversas asesorías en Derecho Ambiental, tales como la elaboración y tramitación de Estudios y Declaraciones de Impacto Ambiental, Cartas de Pertinencia, tramitación de permisos y concesiones ante autoridades administrativas ambientales y sanitarias,  litigación en procesos ambientales infraccionales, elaboración de auditorías legales ambientales, manejo de residuos y asuntos relacionados a la Ley 20.920...
