{"id":30,"date":"2015-06-09T14:42:56","date_gmt":"2015-06-09T14:42:56","guid":{"rendered":"http:\/\/impreza4.us-themes.com\/?page_id=30"},"modified":"2024-05-13T22:57:48","modified_gmt":"2024-05-13T22:57:48","slug":"news-publications","status":"publish","type":"page","link":"https:\/\/www.ossandon.cl\/eng\/news-publications\/","title":{"rendered":"News &#038; Publications"},"content":{"rendered":"<section class=\"l-section wpb_row height_huge with_img parallax_ver\"><div class=\"l-section-img\" role=\"img\" data-img-width=\"2250\" data-img-height=\"1500\" style=\"background-image: url(https:\/\/www.ossandon.cl\/eng\/wp-content\/uploads\/2015\/06\/pexels-photo-518543.jpg);\"><\/div><div class=\"l-section-h i-cf\"><div class=\"g-cols vc_row via_grid cols_1 laptops-cols_inherit tablets-cols_inherit mobiles-cols_1 valign_top type_default stacking_default\"><div class=\"wpb_column vc_column_container\"><div class=\"vc_column-inner\"><\/div><\/div><\/div><\/div><\/section><section class=\"l-section wpb_row height_small\"><div class=\"l-section-h i-cf\"><div class=\"g-cols vc_row via_grid cols_1 laptops-cols_inherit tablets-cols_inherit mobiles-cols_1 valign_top type_default stacking_default\"><div class=\"wpb_column vc_column_container\"><div class=\"vc_column-inner\"><div id=\"ultimate-heading-696669e379ff97f68\" class=\"uvc-heading ult-adjust-bottom-margin ultimate-heading-696669e379ff97f68 uvc-279 \" data-hspacer=\"line_only\"  data-halign=\"left\" style=\"text-align:left\"><div class=\"uvc-main-heading ult-responsive\"  data-ultimate-target='.uvc-heading.ultimate-heading-696669e379ff97f68 h2'  data-responsive-json-new='{\"font-size\":\"desktop:18px;\",\"line-height\":\"\"}' ><h2 style=\"font-family:&#039;Lora&#039;;font-style:italic;font-weight:normal;color:#d76900;margin-bottom:10px;\">NEWS &amp; PUBLICATIONS<\/h2><\/div><div class=\"uvc-heading-spacer line_only\" style=\"margin-bottom:10px;height:3px;\"><span class=\"uvc-headings-line\" style=\"border-style:solid;border-bottom-width:3px;border-color:#d76900;width:autopx;\"><\/span><\/div><\/div><\/div><\/div><\/div><\/div><\/section><section class=\"l-section wpb_row height_small\"><div class=\"l-section-h i-cf\"><div class=\"g-cols vc_row via_grid cols_1 laptops-cols_inherit tablets-cols_inherit mobiles-cols_1 valign_top type_default stacking_default\"><div class=\"wpb_column vc_column_container\"><div class=\"vc_column-inner\"><div class=\"w-grid type_grid layout_5061 cols_3\" id=\"us_grid_1\" style=\"--gap:5px;\" data-filterable=\"true\"><style>@media (max-width:1024px){#us_grid_1 .w-grid-item{width:50%}}@media (max-width:600px){#us_grid_1 .w-grid-list{margin:0}#us_grid_1 .w-grid-item{width:100%;padding:0;margin-bottom:var(--gap,0px)}}.layout_5061 .w-grid-item-h{}.layout_5061 .usg_post_image_1{margin-bottom:0.5rem!important}.layout_5061 .usg_post_title_1{font-size:1rem!important}<\/style><div class=\"w-grid-list\">\t<article class=\"w-grid-item size_1x1 post-5052 post type-post status-publish format-standard has-post-thumbnail hentry category-sin-categoria\" data-id=\"5052\">\r\n\t\t<div class=\"w-grid-item-h\">\r\n\t\t\t\t\t\t<div class=\"w-post-elm post_image usg_post_image_1 stretched\"><a href=\"https:\/\/www.ossandon.cl\/eng\/ossandon-abogados-reconoce-a-la-mejor-egresada-de-derecho-de-universidad-de-los-andes\/\" aria-label=\"Ossand\u00f3n abogados reconoce a la mejor egresada de Derecho de Universidad de Los Andes\"><img loading=\"lazy\" decoding=\"async\" width=\"600\" height=\"600\" src=\"https:\/\/www.ossandon.cl\/eng\/wp-content\/uploads\/2024\/04\/IMG_2746-600x600.jpg\" class=\"attachment-us_600_600_crop size-us_600_600_crop wp-post-image\" alt=\"\" srcset=\"https:\/\/www.ossandon.cl\/eng\/wp-content\/uploads\/2024\/04\/IMG_2746-600x600.jpg 600w, https:\/\/www.ossandon.cl\/eng\/wp-content\/uploads\/2024\/04\/IMG_2746-150x150.jpg 150w, https:\/\/www.ossandon.cl\/eng\/wp-content\/uploads\/2024\/04\/IMG_2746-350x350.jpg 350w\" sizes=\"(max-width: 600px) 100vw, 600px\" \/><\/a><\/div><h2 class=\"w-post-elm post_title usg_post_title_1 entry-title color_link_inherit\"><a href=\"https:\/\/www.ossandon.cl\/eng\/ossandon-abogados-reconoce-a-la-mejor-egresada-de-derecho-de-universidad-de-los-andes\/\">Ossand\u00f3n abogados reconoce a la mejor egresada de Derecho de Universidad de Los Andes<\/a><\/h2>\t\t<\/div>\r\n\t\t\t<\/article>\r\n\t<article class=\"w-grid-item size_1x1 post-5049 post type-post status-publish format-standard has-post-thumbnail hentry category-sin-categoria tag-administradores tag-condominios tag-reglamento\" data-id=\"5049\">\r\n\t\t<div class=\"w-grid-item-h\">\r\n\t\t\t\t\t\t<div class=\"w-post-elm post_image usg_post_image_1 stretched\"><a href=\"https:\/\/www.ossandon.cl\/eng\/reglamento-registro-nacional-de-administradores-de-condominios\/\" aria-label=\"Reglamento Registro Nacional de Administradores de Condominios\"><img loading=\"lazy\" decoding=\"async\" width=\"600\" height=\"600\" src=\"https:\/\/www.ossandon.cl\/eng\/wp-content\/uploads\/2024\/04\/Linkedin_Ossandon_condominios-600x600.jpg\" class=\"attachment-us_600_600_crop size-us_600_600_crop wp-post-image\" alt=\"\" srcset=\"https:\/\/www.ossandon.cl\/eng\/wp-content\/uploads\/2024\/04\/Linkedin_Ossandon_condominios-600x600.jpg 600w, https:\/\/www.ossandon.cl\/eng\/wp-content\/uploads\/2024\/04\/Linkedin_Ossandon_condominios-150x150.jpg 150w, https:\/\/www.ossandon.cl\/eng\/wp-content\/uploads\/2024\/04\/Linkedin_Ossandon_condominios-350x350.jpg 350w\" sizes=\"(max-width: 600px) 100vw, 600px\" \/><\/a><\/div><h2 class=\"w-post-elm post_title usg_post_title_1 entry-title color_link_inherit\"><a href=\"https:\/\/www.ossandon.cl\/eng\/reglamento-registro-nacional-de-administradores-de-condominios\/\">Reglamento Registro Nacional de Administradores de Condominios<\/a><\/h2>\t\t<\/div>\r\n\t\t\t<\/article>\r\n\t<article class=\"w-grid-item size_1x1 post-5046 post type-post status-publish format-standard has-post-thumbnail hentry category-sin-categoria tag-beneficio-tributario tag-dividendos tag-viviendas\" data-id=\"5046\">\r\n\t\t<div class=\"w-grid-item-h\">\r\n\t\t\t\t\t\t<div class=\"w-post-elm post_image usg_post_image_1 stretched\"><a href=\"https:\/\/www.ossandon.cl\/eng\/beneficio-tributario-transitorio-y-extraordinario-para-la-adquisicion-de-viviendas-nuevas\/\" aria-label=\"Beneficio tributario transitorio y extraordinario para la adquisici\u00f3n de viviendas nuevas\"><img loading=\"lazy\" decoding=\"async\" width=\"600\" height=\"600\" src=\"https:\/\/www.ossandon.cl\/eng\/wp-content\/uploads\/2024\/04\/rowan-heuvel-bjej8BY1JYQ-unsplash-600x600.jpg\" class=\"attachment-us_600_600_crop size-us_600_600_crop wp-post-image\" alt=\"\" srcset=\"https:\/\/www.ossandon.cl\/eng\/wp-content\/uploads\/2024\/04\/rowan-heuvel-bjej8BY1JYQ-unsplash-600x600.jpg 600w, https:\/\/www.ossandon.cl\/eng\/wp-content\/uploads\/2024\/04\/rowan-heuvel-bjej8BY1JYQ-unsplash-150x150.jpg 150w, https:\/\/www.ossandon.cl\/eng\/wp-content\/uploads\/2024\/04\/rowan-heuvel-bjej8BY1JYQ-unsplash-350x350.jpg 350w\" sizes=\"(max-width: 600px) 100vw, 600px\" \/><\/a><\/div><h2 class=\"w-post-elm post_title usg_post_title_1 entry-title color_link_inherit\"><a href=\"https:\/\/www.ossandon.cl\/eng\/beneficio-tributario-transitorio-y-extraordinario-para-la-adquisicion-de-viviendas-nuevas\/\">Beneficio tributario transitorio y extraordinario para la adquisici\u00f3n de viviendas nuevas<\/a><\/h2>\t\t<\/div>\r\n\t\t\t<\/article>\r\n\t<article class=\"w-grid-item size_1x1 post-5043 post type-post status-publish format-standard has-post-thumbnail hentry category-sin-categoria tag-170 tag-estampillas tag-impuesto tag-timbres\" data-id=\"5043\">\r\n\t\t<div class=\"w-grid-item-h\">\r\n\t\t\t\t\t\t<div class=\"w-post-elm post_image usg_post_image_1 stretched\"><a href=\"https:\/\/www.ossandon.cl\/eng\/impuesto-de-timbres-y-estampillas\/\" aria-label=\"Impuesto de Timbres y Estampillas\"><img loading=\"lazy\" decoding=\"async\" width=\"600\" height=\"600\" src=\"https:\/\/www.ossandon.cl\/eng\/wp-content\/uploads\/2024\/03\/Linkedin_Ossandon_estampillas-600x600.jpg\" class=\"attachment-us_600_600_crop size-us_600_600_crop wp-post-image\" alt=\"\" srcset=\"https:\/\/www.ossandon.cl\/eng\/wp-content\/uploads\/2024\/03\/Linkedin_Ossandon_estampillas-600x600.jpg 600w, https:\/\/www.ossandon.cl\/eng\/wp-content\/uploads\/2024\/03\/Linkedin_Ossandon_estampillas-150x150.jpg 150w, https:\/\/www.ossandon.cl\/eng\/wp-content\/uploads\/2024\/03\/Linkedin_Ossandon_estampillas-350x350.jpg 350w\" sizes=\"(max-width: 600px) 100vw, 600px\" \/><\/a><\/div><h2 class=\"w-post-elm post_title usg_post_title_1 entry-title color_link_inherit\"><a href=\"https:\/\/www.ossandon.cl\/eng\/impuesto-de-timbres-y-estampillas\/\">Impuesto de Timbres y Estampillas<\/a><\/h2>\t\t<\/div>\r\n\t\t\t<\/article>\r\n\t<article class=\"w-grid-item size_1x1 post-5040 post type-post status-publish format-standard has-post-thumbnail hentry category-sin-categoria tag-40-horas tag-acoso-laboral tag-laboral tag-ley-karin tag-ossandon-abogados tag-teletrabajo\" data-id=\"5040\">\r\n\t\t<div class=\"w-grid-item-h\">\r\n\t\t\t\t\t\t<div class=\"w-post-elm post_image usg_post_image_1 stretched\"><a href=\"https:\/\/www.ossandon.cl\/eng\/reformas-en-material-laboral-2024\/\" aria-label=\"Reformas en material laboral 2024\"><img loading=\"lazy\" decoding=\"async\" width=\"600\" height=\"600\" src=\"https:\/\/www.ossandon.cl\/eng\/wp-content\/uploads\/2024\/03\/ian-dooley-DJ7bWa-Gwks-unsplash-600x600.jpg\" class=\"attachment-us_600_600_crop size-us_600_600_crop wp-post-image\" alt=\"\" srcset=\"https:\/\/www.ossandon.cl\/eng\/wp-content\/uploads\/2024\/03\/ian-dooley-DJ7bWa-Gwks-unsplash-600x600.jpg 600w, https:\/\/www.ossandon.cl\/eng\/wp-content\/uploads\/2024\/03\/ian-dooley-DJ7bWa-Gwks-unsplash-150x150.jpg 150w, https:\/\/www.ossandon.cl\/eng\/wp-content\/uploads\/2024\/03\/ian-dooley-DJ7bWa-Gwks-unsplash-350x350.jpg 350w\" sizes=\"(max-width: 600px) 100vw, 600px\" \/><\/a><\/div><h2 class=\"w-post-elm post_title usg_post_title_1 entry-title color_link_inherit\"><a href=\"https:\/\/www.ossandon.cl\/eng\/reformas-en-material-laboral-2024\/\">Reformas en material laboral 2024<\/a><\/h2>\t\t<\/div>\r\n\t\t\t<\/article>\r\n\t<article class=\"w-grid-item size_1x1 post-5036 post type-post status-publish format-standard has-post-thumbnail hentry category-sin-categoria tag-abogados tag-adquisiciones tag-arbitrajes tag-construccion tag-corporativo tag-derecho-laboral tag-fusiones tag-inmobiliario tag-leaders-league tag-litigios tag-ossandon\" data-id=\"5036\">\r\n\t\t<div class=\"w-grid-item-h\">\r\n\t\t\t\t\t\t<div class=\"w-post-elm post_image usg_post_image_1 stretched\"><a href=\"https:\/\/www.ossandon.cl\/eng\/leaders-league-incluye-a-ossandon-abogados-en-su-version-2024\/\" aria-label=\"Leaders League incluye a Ossand\u00f3n Abogados en su versi\u00f3n 2024\"><img loading=\"lazy\" decoding=\"async\" width=\"600\" height=\"600\" src=\"https:\/\/www.ossandon.cl\/eng\/wp-content\/uploads\/2024\/03\/unnamed-600x600.png\" class=\"attachment-us_600_600_crop size-us_600_600_crop wp-post-image\" alt=\"\" srcset=\"https:\/\/www.ossandon.cl\/eng\/wp-content\/uploads\/2024\/03\/unnamed-600x600.png 600w, https:\/\/www.ossandon.cl\/eng\/wp-content\/uploads\/2024\/03\/unnamed-150x150.png 150w, https:\/\/www.ossandon.cl\/eng\/wp-content\/uploads\/2024\/03\/unnamed-300x300.png 300w, https:\/\/www.ossandon.cl\/eng\/wp-content\/uploads\/2024\/03\/unnamed-768x768.png 768w, https:\/\/www.ossandon.cl\/eng\/wp-content\/uploads\/2024\/03\/unnamed-1024x1024.png 1024w, https:\/\/www.ossandon.cl\/eng\/wp-content\/uploads\/2024\/03\/unnamed-350x350.png 350w, https:\/\/www.ossandon.cl\/eng\/wp-content\/uploads\/2024\/03\/unnamed.png 1600w\" sizes=\"(max-width: 600px) 100vw, 600px\" \/><\/a><\/div><h2 class=\"w-post-elm post_title usg_post_title_1 entry-title color_link_inherit\"><a href=\"https:\/\/www.ossandon.cl\/eng\/leaders-league-incluye-a-ossandon-abogados-en-su-version-2024\/\">Leaders League incluye a Ossand\u00f3n Abogados en su versi\u00f3n 2024<\/a><\/h2>\t\t<\/div>\r\n\t\t\t<\/article>\r\n\t<article class=\"w-grid-item size_1x1 post-5033 post type-post status-publish format-standard has-post-thumbnail hentry category-sin-categoria tag-acoso-laboral tag-ley-karin\" data-id=\"5033\">\r\n\t\t<div class=\"w-grid-item-h\">\r\n\t\t\t\t\t\t<div class=\"w-post-elm post_image usg_post_image_1 stretched\"><a href=\"https:\/\/www.ossandon.cl\/eng\/claves-de-la-ley-21-643-ley-karin\/\" aria-label=\"Claves de la Ley 21.643 (Ley Karin).\"><img loading=\"lazy\" decoding=\"async\" width=\"600\" height=\"600\" src=\"https:\/\/www.ossandon.cl\/eng\/wp-content\/uploads\/2024\/03\/annie-spratt-g9KFpAfQ5bc-unsplash-600x600.jpg\" class=\"attachment-us_600_600_crop size-us_600_600_crop wp-post-image\" alt=\"\" srcset=\"https:\/\/www.ossandon.cl\/eng\/wp-content\/uploads\/2024\/03\/annie-spratt-g9KFpAfQ5bc-unsplash-600x600.jpg 600w, https:\/\/www.ossandon.cl\/eng\/wp-content\/uploads\/2024\/03\/annie-spratt-g9KFpAfQ5bc-unsplash-150x150.jpg 150w, https:\/\/www.ossandon.cl\/eng\/wp-content\/uploads\/2024\/03\/annie-spratt-g9KFpAfQ5bc-unsplash-350x350.jpg 350w\" sizes=\"(max-width: 600px) 100vw, 600px\" \/><\/a><\/div><h2 class=\"w-post-elm post_title usg_post_title_1 entry-title color_link_inherit\"><a href=\"https:\/\/www.ossandon.cl\/eng\/claves-de-la-ley-21-643-ley-karin\/\">Claves de la Ley 21.643 (Ley Karin).<\/a><\/h2>\t\t<\/div>\r\n\t\t\t<\/article>\r\n\t<article class=\"w-grid-item size_1x1 post-5030 post type-post status-publish format-standard has-post-thumbnail hentry category-sin-categoria tag-conciliacion tag-ley tag-teletrabajo tag-trabajo\" data-id=\"5030\">\r\n\t\t<div class=\"w-grid-item-h\">\r\n\t\t\t\t\t\t<div class=\"w-post-elm post_image usg_post_image_1 stretched\"><a href=\"https:\/\/www.ossandon.cl\/eng\/conciliacion-de-vida-personal-familiar-y-laboral-ley-21-645\/\" aria-label=\"Conciliaci\u00f3n de Vida Personal,  Familiar y Laboral. Ley 21.645.\"><img loading=\"lazy\" decoding=\"async\" width=\"600\" height=\"600\" src=\"https:\/\/www.ossandon.cl\/eng\/wp-content\/uploads\/2024\/02\/ian-harber-cu7KouQ5FJE-unsplash-600x600.jpg\" class=\"attachment-us_600_600_crop size-us_600_600_crop wp-post-image\" alt=\"\" srcset=\"https:\/\/www.ossandon.cl\/eng\/wp-content\/uploads\/2024\/02\/ian-harber-cu7KouQ5FJE-unsplash-600x600.jpg 600w, https:\/\/www.ossandon.cl\/eng\/wp-content\/uploads\/2024\/02\/ian-harber-cu7KouQ5FJE-unsplash-150x150.jpg 150w, https:\/\/www.ossandon.cl\/eng\/wp-content\/uploads\/2024\/02\/ian-harber-cu7KouQ5FJE-unsplash-350x350.jpg 350w\" sizes=\"(max-width: 600px) 100vw, 600px\" \/><\/a><\/div><h2 class=\"w-post-elm post_title usg_post_title_1 entry-title color_link_inherit\"><a href=\"https:\/\/www.ossandon.cl\/eng\/conciliacion-de-vida-personal-familiar-y-laboral-ley-21-645\/\">Conciliaci\u00f3n de Vida Personal,  Familiar y Laboral. Ley 21.645.<\/a><\/h2>\t\t<\/div>\r\n\t\t\t<\/article>\r\n\t<article class=\"w-grid-item size_1x1 post-5022 post type-post status-publish format-standard has-post-thumbnail hentry category-sin-categoria tag-enero tag-inclusion tag-ley tag-trabajo\" data-id=\"5022\">\r\n\t\t<div class=\"w-grid-item-h\">\r\n\t\t\t\t\t\t<div class=\"w-post-elm post_image usg_post_image_1 stretched\"><a href=\"https:\/\/www.ossandon.cl\/eng\/ley-de-inclusion\/\" aria-label=\"Ley de Inclusi\u00f3n\"><img loading=\"lazy\" decoding=\"async\" width=\"600\" height=\"600\" src=\"https:\/\/www.ossandon.cl\/eng\/wp-content\/uploads\/2024\/01\/Ossandon_2024_linkedin_inclusion-600x600.jpg\" class=\"attachment-us_600_600_crop size-us_600_600_crop wp-post-image\" alt=\"\" srcset=\"https:\/\/www.ossandon.cl\/eng\/wp-content\/uploads\/2024\/01\/Ossandon_2024_linkedin_inclusion-600x600.jpg 600w, https:\/\/www.ossandon.cl\/eng\/wp-content\/uploads\/2024\/01\/Ossandon_2024_linkedin_inclusion-150x150.jpg 150w, https:\/\/www.ossandon.cl\/eng\/wp-content\/uploads\/2024\/01\/Ossandon_2024_linkedin_inclusion-350x350.jpg 350w\" sizes=\"(max-width: 600px) 100vw, 600px\" \/><\/a><\/div><h2 class=\"w-post-elm post_title usg_post_title_1 entry-title color_link_inherit\"><a href=\"https:\/\/www.ossandon.cl\/eng\/ley-de-inclusion\/\">Ley de Inclusi\u00f3n<\/a><\/h2>\t\t<\/div>\r\n\t\t\t<\/article>\r\n\t<article class=\"w-grid-item size_1x1 post-5019 post type-post status-publish format-standard has-post-thumbnail hentry category-sin-categoria tag-trabajadores tag-trabajo\" data-id=\"5019\">\r\n\t\t<div class=\"w-grid-item-h\">\r\n\t\t\t\t\t\t<div class=\"w-post-elm post_image usg_post_image_1 stretched\"><a href=\"https:\/\/www.ossandon.cl\/eng\/modificaciones-al-codigo-del-trabajo-en-materias-de-conciliacion-de-la-vida-personal-familiar-y-laboral\/\" aria-label=\"Modificaciones al C\u00f3digo del Trabajo en materias de conciliaci\u00f3n de la vida personal, familiar y laboral\"><img loading=\"lazy\" decoding=\"async\" width=\"600\" height=\"600\" src=\"https:\/\/www.ossandon.cl\/eng\/wp-content\/uploads\/2015\/10\/Juan-Grant_A5A8447-600x600.jpg\" class=\"attachment-us_600_600_crop size-us_600_600_crop wp-post-image\" alt=\"\" srcset=\"https:\/\/www.ossandon.cl\/eng\/wp-content\/uploads\/2015\/10\/Juan-Grant_A5A8447-600x600.jpg 600w, https:\/\/www.ossandon.cl\/eng\/wp-content\/uploads\/2015\/10\/Juan-Grant_A5A8447-150x150.jpg 150w, https:\/\/www.ossandon.cl\/eng\/wp-content\/uploads\/2015\/10\/Juan-Grant_A5A8447-350x350.jpg 350w\" sizes=\"(max-width: 600px) 100vw, 600px\" \/><\/a><\/div><h2 class=\"w-post-elm post_title usg_post_title_1 entry-title color_link_inherit\"><a href=\"https:\/\/www.ossandon.cl\/eng\/modificaciones-al-codigo-del-trabajo-en-materias-de-conciliacion-de-la-vida-personal-familiar-y-laboral\/\">Modificaciones al C\u00f3digo del Trabajo en materias de conciliaci\u00f3n de la vida personal, familiar y laboral<\/a><\/h2>\t\t<\/div>\r\n\t\t\t<\/article>\r\n\t<article class=\"w-grid-item size_1x1 post-5015 post type-post status-publish format-standard has-post-thumbnail hentry category-sin-categoria tag-ciberseguridad\" data-id=\"5015\">\r\n\t\t<div class=\"w-grid-item-h\">\r\n\t\t\t\t\t\t<div class=\"w-post-elm post_image usg_post_image_1 stretched\"><a href=\"https:\/\/www.ossandon.cl\/eng\/avances-en-normativas-legales-sobre-ciberseguridad\/\" aria-label=\"Avances en normativas legales sobre ciberseguridad\"><img loading=\"lazy\" decoding=\"async\" width=\"600\" height=\"600\" src=\"https:\/\/www.ossandon.cl\/eng\/wp-content\/uploads\/2023\/12\/Linkedin_Ossandon_ciberseguridad-600x600.jpg\" class=\"attachment-us_600_600_crop size-us_600_600_crop wp-post-image\" alt=\"\" srcset=\"https:\/\/www.ossandon.cl\/eng\/wp-content\/uploads\/2023\/12\/Linkedin_Ossandon_ciberseguridad-600x600.jpg 600w, https:\/\/www.ossandon.cl\/eng\/wp-content\/uploads\/2023\/12\/Linkedin_Ossandon_ciberseguridad-150x150.jpg 150w, https:\/\/www.ossandon.cl\/eng\/wp-content\/uploads\/2023\/12\/Linkedin_Ossandon_ciberseguridad-350x350.jpg 350w\" sizes=\"(max-width: 600px) 100vw, 600px\" \/><\/a><\/div><h2 class=\"w-post-elm post_title usg_post_title_1 entry-title color_link_inherit\"><a href=\"https:\/\/www.ossandon.cl\/eng\/avances-en-normativas-legales-sobre-ciberseguridad\/\">Avances en normativas legales sobre ciberseguridad<\/a><\/h2>\t\t<\/div>\r\n\t\t\t<\/article>\r\n\t<article class=\"w-grid-item size_1x1 post-5010 post type-post status-publish format-standard has-post-thumbnail hentry category-sin-categoria tag-agricultura tag-aguas-grises tag-ley\" data-id=\"5010\">\r\n\t\t<div class=\"w-grid-item-h\">\r\n\t\t\t\t\t\t<div class=\"w-post-elm post_image usg_post_image_1 stretched\"><a href=\"https:\/\/www.ossandon.cl\/eng\/se-autoriza-el-reuso-de-aguas-grises-en-la-agricultura\/\" aria-label=\"SE AUTORIZA EL REUS\u00d3 DE AGUAS GRISES EN LA AGRICULTURA\"><img loading=\"lazy\" decoding=\"async\" width=\"520\" height=\"320\" src=\"https:\/\/www.ossandon.cl\/eng\/wp-content\/uploads\/2023\/12\/Linkedin_Ossandon_aguasgrises.jpg\" class=\"attachment-us_600_600_crop size-us_600_600_crop wp-post-image\" alt=\"\" srcset=\"https:\/\/www.ossandon.cl\/eng\/wp-content\/uploads\/2023\/12\/Linkedin_Ossandon_aguasgrises.jpg 520w, https:\/\/www.ossandon.cl\/eng\/wp-content\/uploads\/2023\/12\/Linkedin_Ossandon_aguasgrises-300x185.jpg 300w\" sizes=\"(max-width: 520px) 100vw, 520px\" \/><\/a><\/div><h2 class=\"w-post-elm post_title usg_post_title_1 entry-title color_link_inherit\"><a href=\"https:\/\/www.ossandon.cl\/eng\/se-autoriza-el-reuso-de-aguas-grises-en-la-agricultura\/\">SE AUTORIZA EL REUS\u00d3 DE AGUAS GRISES EN LA AGRICULTURA<\/a><\/h2>\t\t<\/div>\r\n\t\t\t<\/article>\r\n<\/div><div class=\"w-grid-preloader\">\t<div class=\"g-preloader type_5\">\r\n\t\t<div><\/div>\r\n\t<\/div>\r\n\t<\/div>\t\t\t<div class=\"g-loadmore \">\r\n\t\t\t\t<div class=\"g-preloader type_5\">\r\n\t\t\t\t\t<div><\/div>\r\n\t\t\t\t<\/div>\r\n\t\t\t\t<button class=\"w-btn us-btn-style_1\">\r\n\t\t\t\t\t<span class=\"w-btn-label\">Load More<\/span>\r\n\t\t\t\t<\/button>\r\n\t\t\t<\/div>\r\n\t\t\t\t<div class=\"w-grid-json hidden\" onclick='return {&quot;action&quot;:&quot;us_ajax_grid&quot;,&quot;infinite_scroll&quot;:true,&quot;max_num_pages&quot;:7,&quot;pagination&quot;:&quot;ajax&quot;,&quot;template_vars&quot;:{&quot;columns&quot;:&quot;3&quot;,&quot;exclude_items&quot;:&quot;none&quot;,&quot;img_size&quot;:&quot;us_600_600_crop&quot;,&quot;ignore_items_size&quot;:0,&quot;items_layout&quot;:&quot;5061&quot;,&quot;items_offset&quot;:&quot;1&quot;,&quot;load_animation&quot;:&quot;none&quot;,&quot;overriding_link&quot;:&quot;{\\&quot;url\\&quot;:\\&quot;\\&quot;}&quot;,&quot;post_id&quot;:0,&quot;query_args&quot;:{&quot;post_type&quot;:[&quot;post&quot;],&quot;post_status&quot;:[&quot;publish&quot;],&quot;posts_per_page&quot;:&quot;12&quot;},&quot;orderby_query_args&quot;:{&quot;orderby&quot;:{&quot;date&quot;:&quot;DESC&quot;}},&quot;type&quot;:&quot;grid&quot;,&quot;us_grid_post_type&quot;:&quot;post&quot;,&quot;us_grid_ajax_index&quot;:1,&quot;us_grid_filter_params&quot;:[],&quot;us_grid_index&quot;:1,&quot;page_args&quot;:[]}}'><\/div>\r\n\t<\/div><\/div><\/div><\/div><\/div><\/section>\n","protected":false},"excerpt":{"rendered":"La crisis h\u00eddrica que hace a\u00f1os afecta a gran parte del territorio nacional ha hecho necesario buscar fuentes alternativas de agua con el objeto de incrementar los recursos h\u00eddricos disponibles. Fue en esa l\u00ednea que el 15 de febrero de 2018 se public\u00f3 en el Diario Oficial la Ley N\u00ba 21.075, Regula la Recolecci\u00f3n, Reutilizaci\u00f3n...","protected":false},"author":1,"featured_media":0,"parent":0,"menu_order":0,"comment_status":"closed","ping_status":"closed","template":"","meta":{"footnotes":""},"_links":{"self":[{"href":"https:\/\/www.ossandon.cl\/eng\/wp-json\/wp\/v2\/pages\/30"}],"collection":[{"href":"https:\/\/www.ossandon.cl\/eng\/wp-json\/wp\/v2\/pages"}],"about":[{"href":"https:\/\/www.ossandon.cl\/eng\/wp-json\/wp\/v2\/types\/page"}],"author":[{"embeddable":true,"href":"https:\/\/www.ossandon.cl\/eng\/wp-json\/wp\/v2\/users\/1"}],"replies":[{"embeddable":true,"href":"https:\/\/www.ossandon.cl\/eng\/wp-json\/wp\/v2\/comments?post=30"}],"version-history":[{"count":4,"href":"https:\/\/www.ossandon.cl\/eng\/wp-json\/wp\/v2\/pages\/30\/revisions"}],"predecessor-version":[{"id":5099,"href":"https:\/\/www.ossandon.cl\/eng\/wp-json\/wp\/v2\/pages\/30\/revisions\/5099"}],"wp:attachment":[{"href":"https:\/\/www.ossandon.cl\/eng\/wp-json\/wp\/v2\/media?parent=30"}],"curies":[{"name":"wp","href":"https:\/\/api.w.org\/{rel}","templated":true}]}}